 16) in base 14?
52c
Convert 574 (base 16) to base 3.
1220201
Convert -2021 (base 9) to base 11.
-1123
What is 7436 (base 16) in base 15?
8c35
Convert d03 (base 14) to base 8.
4767
What is -100011110 (base 2) in base 5?
-2121
What is 540 (base 9) in base 15?
1e6
Convert 608 (base 14) to base 15.
53e
What is 2a785 (base 11) in base 2?
1010101000001100
Convert -120 (base 10) to base 15.
-80
1044204 (base 5) to base 6
222251
What is -1034 (base 5) in base 14?
-a4
What is 2201230 (base 4) in base 9?
15167
What is 2211020200 (base 3) in base 7?
321024
Convert -30035 (base 7) to base 13.
-33a1
Convert 2480 (base 9) to base 6.
12330
What is 1000101101011 (base 2) in base 5?
120314
Convert 11001210 (base 3) to base 10.
2964
-27332 (base 8) to base 12
-6b36
What is -111111001010 (base 2) in base 16?
-fca
What is a3 (base 15) in base 10?
153
What is -104 (base 11) in base 6?
-325
Convert 142 (base 10) to base 14.
a2
Convert 10032 (base 4) to base 5.
2040
-10220 (base 3) to base 4
-1221
Convert 303011 (base 4) to base 9.
4432
-1042 (base 9) to base 15
-362
Convert -23120 (base 4) to base 13.
-440
Convert 1031 (base 4) to base 10.
77
-44 (base 7) to base 4
-200
2851 (base 11) to base 15
115b
What is 88cb (base 16) in base 9?
53030
-5969 (base 14) to base 13
-7123
What is -501 (base 9) in base 11?
-33a
5d9 (base 16) to base 15
69c
Convert 2a8 (base 13) to base 7.
1250
What is 16b (base 14) in base 5?
2131
Convert -5ad0 (base 14) to base 4.
-3313312
Convert -13127 (base 10) to base 4.
-3031013
651 (base 12) to base 16
39d
1e2 (base 16) to base 8
742
-212 (base 6) to base 7
-143
-6835 (base 14) to base 5
-1034304
What is 4401 (base 8) in base 13?
1084
What is 2000202 (base 4) in base 12?
4916
What is -42e5 (base 15) in base 13?
-65a8
6475 (base 9) to base 11
3643
Convert 1665 (base 8) to base 15.
434
Convert 1177 (base 11) to base 6.
11040
Convert -37570 (base 11) to base 16.
-d2a2
What is -bd7b (base 14) in base 16?
-8049
What is -1003 (base 6) in base 5?
-1334
What is 3a7 (base 14) in base 9?
1006
-21100112 (base 3) to base 16
-14f0
Convert 703 (base 13) to base 5.
14221
What is 12041 (base 5) in base 4?
32000
13457 (base 13) to base 5
2122100
Convert -1110011010 (base 2) to base 13.
-55c
Convert -6d7 (base 16) to base 6.
-12035
What is 5aa (base 11) in base 4?
23111
What is -2051 (base 7) in base 3?
-222202
-1068 (base 11) to base 7
-4045
What is -2781 (base 11) in base 13?
-183a
4 (base 6) to base 15
4
What is 960 (base 14) in base 15?
833
101110010 (base 2) to base 14
1c6
Convert 313021 (base 4) to base 9.
4751
What is -23673 (base 8) in base 3?
-111221201
-b76 (base 15) to base 2
-101000011010
Convert -11110021 (base 3) to base 11.
-2492
2969 (base 16) to base 11
7a68
Convert -110110101100 (base 2) to base 14.
-13c0
Convert 76216 (base 8) to base 7.
161651
Convert 10a88 (base 14) to base 3.
2001112212
Convert -82808 (base 9) to base 4.
-31111022
What is -1126 (base 8) in base 5?
-4343
What is -100022333 (base 4) in base 13?
-241c4
Convert -47733 (base 8) to base 12.
-b9b7
-3485 (base 9) to base 10
-2588
5334 (base 8) to base 7
11051
What is 173641 (base 8) in base 13?
22b15
-2113 (base 6) to base 14
-261
-2011101110 (base 3) to base 14
-11724
Convert -4909 (base 10) to base 4.
-1030231
What is 5515 (base 6) in base 3?
1202002
-14313 (base 7) to base 13
-1a34
What is 371 (base 14) in base 8?
1257
What is -2332 (base 7) in base 8?
-1530
Convert 1011 (base 9) to base 12.
517
Convert 12270 (base 12) to base 15.
7429
Convert -4664 (base 9) to base 10.
-3460
Convert 2422 (base 5) to base 15.
192
What is -1102022012 (base 3) in base 8?
-66423
Convert -67b (base 13) to base 16.
-45c
-2140 (base 7) to base 8
-1373
What is -850 (base 13) in base 11?
-1079
What is -16507 (base 9) in base 8?
-26123
-30b (base 12) to base 3
-121102
What is -23112 (base 4) in base 2?
-1011010110
What is 1dcc (base 14) in base 6?
41200
28227 (base 12) to base 6
1105251
What is -1052 (base 8) in base 16?
-22a
What is -6449 (base 13) in base 8?
-33137
720 (base 14) to base 2
10101111000
2183 (base 9) to base 13
972
What is -33404 (base 6) in base 8?
-11114
What is 2885 (base 10) in base 3?
10221212
Convert -24133 (base 5) to base 11.
-1390
5417 (base 10) to base 6
41025
Convert b76 (base 16) to base 15.
d09
Convert 414412 (base 6) to base 7.
166265
Convert -386 (base 15) to base 5.
-11201
Convert 3216 (base 8) to base 2.
11010001110
What is -44 (base 9) in base 6?
-104
What is 3023201 (base 4) in base 11?
9871
Convert -4aa (base 14) to base 7.
-2503
What is 1034 (base 5) in base 13?
b1
Convert -4435 (base 7) to base 4.
-120322
What is -383 (base 15) in base 4?
-30132
What is -2110 (base 3) in base 16?
-42
What is -8b3 (base 12) in base 16?
-507
Convert 296 (base 10) to base 11.
24a
Convert -34400 (base 10) to base 2.
-1000011001100000
What is -788 (base 10) in base 14?
-404
-3620 (base 8) to base 3
-2122201
Convert -790 (base 12) to base 9.
-1470
d94 (base 14) to base 15
bd8
7cc7 (base 13) to base 14
6590
4044 (base 11) to base 6
40512
What is 220220 (base 3) in base 11?
561
-1a991 (base 13) to base 8
-145712
43ab7 (base 12) to base 14
24999
Convert 1030 (base 10) to base 11.
857
What is -1c69 (base 15) in base 9?
-8420
What is 312013 (base 4) in base 8?
6607
What is 2994 (base 10) in base 9?
4086
3132 (base 8) to base 4
121122
What is -560 (base 7) in base 10?
-287
12222 (base 3) to base 13
c5
Convert 1584 (base 11) to base 5.
31103
-310230 (base 4) to base 5
-101442
What is 946 (base 10) in base 13?
57a
What is 313013 (base 5) in base 8?
24217
What is -2d97 (base 15) in base 10?
-9817
Convert -200550 (base 7) to base 16.
-8466
Convert 86b (base 14) to base 8.
3177
What is -612 (base 8) in base 7?
-1102
Convert 132a (base 11) to base 8.
3276
What is -5839 (base 16) in base 15?
-6a5a
What is 469 (base 10) in base 8?
725
-11120 (base 5) to base 4
-30101
What is 11941 (base 12) in base 9?
35584
What is -31334 (base 8) in base 6?
-140140
Convert 776 (base 9) to base 10.
636
-1123 (base 9) to base 10
-831
-326 (base 10) to base 6
-1302
261 (base 16) to base 13
37b
Convert -532 (base 6) to base 13.
-125
What is -401231 (base 5) in base 13?
-5a13
-1431113 (base 5) to base 9
-45328
Convert 1745 (base 10) to base 5.
23440
What is -1323 (base 6) in base 14?
-1a3
What is 1867 (base 11) in base 13?
1106
What is -57b (base 13) in base 15?
-432
Convert 153a (base 12) to base 10.
2494
What is -12120 (base 4) in base 12?
-2a0
What is -11158 (base 9) in base 3?
-101011222
What is -10f5 (base 16) in base 3?
-12221210
What is -251 (base 16) in base 8?
-1121
What is 5670 (base 12) in base 14?
36cc
Convert -e3 (base 15) to base 5.
-1323
Convert -406 (base 9) to base 15.
-170
Convert -34623 (base 7) to base 13.
-4077
-835 (base 9) to base 16
-2a8
-101100101 (base 3) to base 15
-237d
Convert -52254 (base 8) to base 14.
-7c84
10001000100001 (base 2) to base 11
6623
203a4 (base 13) to base 14
1709d
-10312120 (base 4) to base 7
-111625
What is 200130 (base 5) in base 3?
22121222
What is -aa (base 16) in base 3?
-20022
What is 30330 (base 4) in base 16?
33c
-2460 (base 15) to base 4
-1320330
-16625 (base 8) to base 4
-1312111
-1fe1 (base 16) to base 14
-2d8d
Convert 5613 (base 13) to base 9.
17430
-553 (base 12) to base 13
-483
Convert -23615 (base 7) to base 12.
-3675
Convert 1012000 (base 3) to base 9.
1160
-4314 (base 7) to base 5
-22110
What is -11000 (base 4) in base 2?
-101000000
What is 1223 (base 4) in base 3?
10222
Convert -32 (base 7) to base 16.
-17
-38624 (base 10) to base 6
-454452
What is 53221 (base 6) in base 11?
5468
-3113 (base 5) to base 14
-212
10327 (base 16) to base 10
66343
What is 1179 (base 11) in base 14?
7bc
Convert -b5 (base 13) to base 4.
-2110
Convert -176 (base 9) to base 16.
-96
Convert 3664 (base 8) to base 10.
1972
-2c53 (base 14) to base 13
-37a9
Convert 27c (base 14) to base 13.
2c8
-a51 (base 16) to base 6
-20121
What is 2003 (base 5) in base 6?
1101
Convert -22035 (base 11) to base 10.
-31982
3045 (base 7) to base 8
2046
Convert 12313313 (base 4) to base 2.
110110111110111
Convert 5282 (base 10) to base 13.
2534
Convert -130 (base 9) to base 10.
-108
Convert -43504 (base 6) to base 8.
-13600
Convert -1302331 (base 4) to base 15.
-22a7
Convert 455 (base 7) to base 3.
22